{"id":940,"date":"2025-12-06T07:21:30","date_gmt":"2025-12-06T07:21:30","guid":{"rendered":"https:\/\/murtolahti.fi\/?page_id=940"},"modified":"2026-04-04T13:35:55","modified_gmt":"2026-04-04T13:35:55","slug":"paivan-kuva","status":"publish","type":"page","link":"https:\/\/murtolahti.fi\/?page_id=940","title":{"rendered":"P\u00c4IV\u00c4N KUVA"},"content":{"rendered":"\n<p class=\"has-text-align-center\"><strong>3.04.2026<\/strong><\/p>\n\n\n\n<figure class=\"wp-block-image size-large is-style-rounded\"><img loading=\"lazy\" decoding=\"async\" width=\"1024\" height=\"576\" src=\"https:\/\/murtolahti.fi\/wp-content\/uploads\/2026\/04\/pitkaperjantaina2026-1024x576.jpg\" alt=\"\" class=\"wp-image-1116\" srcset=\"https:\/\/murtolahti.fi\/wp-content\/uploads\/2026\/04\/pitkaperjantaina2026-1024x576.jpg 1024w, https:\/\/murtolahti.fi\/wp-content\/uploads\/2026\/04\/pitkaperjantaina2026-300x169.jpg 300w, https:\/\/murtolahti.fi\/wp-content\/uploads\/2026\/04\/pitkaperjantaina2026-768x432.jpg 768w, https:\/\/murtolahti.fi\/wp-content\/uploads\/2026\/04\/pitkaperjantaina2026-1536x864.jpg 1536w, https:\/\/murtolahti.fi\/wp-content\/uploads\/2026\/04\/pitkaperjantaina2026-2048x1151.jpg 2048w, https:\/\/murtolahti.fi\/wp-content\/uploads\/2026\/04\/pitkaperjantaina2026-500x281.jpg 500w\" sizes=\"auto, (max-width: 1024px) 100vw, 1024px\" \/><\/figure>\n\n\n\n<p class=\"has-text-align-center\">Hyv\u00e4\u00e4 P\u00e4\u00e4si\u00e4ist\u00e4!<\/p>\n\n\n\n<p class=\"has-text-align-center\"><strong>2.03.2026<\/strong><\/p>\n\n\n\n<figure class=\"wp-block-image size-large is-style-rounded\"><img loading=\"lazy\" decoding=\"async\" width=\"1024\" height=\"576\" src=\"https:\/\/murtolahti.fi\/wp-content\/uploads\/2026\/03\/Latu26B-1024x576.jpg\" alt=\"\" class=\"wp-image-1092\" title=\"Kuva: Lea\" srcset=\"https:\/\/murtolahti.fi\/wp-content\/uploads\/2026\/03\/Latu26B-1024x576.jpg 1024w, https:\/\/murtolahti.fi\/wp-content\/uploads\/2026\/03\/Latu26B-300x169.jpg 300w, https:\/\/murtolahti.fi\/wp-content\/uploads\/2026\/03\/Latu26B-768x432.jpg 768w, https:\/\/murtolahti.fi\/wp-content\/uploads\/2026\/03\/Latu26B-1536x864.jpg 1536w, https:\/\/murtolahti.fi\/wp-content\/uploads\/2026\/03\/Latu26B-500x281.jpg 500w, https:\/\/murtolahti.fi\/wp-content\/uploads\/2026\/03\/Latu26B.jpg 2000w\" sizes=\"auto, (max-width: 1024px) 100vw, 1024px\" \/><\/figure>\n\n\n\n<p class=\"has-text-align-center\"><\/p>\n\n\n\n<figure class=\"wp-block-image size-large is-style-rounded\"><img loading=\"lazy\" decoding=\"async\" width=\"1024\" height=\"576\" src=\"https:\/\/murtolahti.fi\/wp-content\/uploads\/2026\/03\/Latu26-1024x576.jpg\" alt=\"\" class=\"wp-image-1091\" title=\"Kuva: LP\" srcset=\"https:\/\/murtolahti.fi\/wp-content\/uploads\/2026\/03\/Latu26-1024x576.jpg 1024w, https:\/\/murtolahti.fi\/wp-content\/uploads\/2026\/03\/Latu26-300x169.jpg 300w, https:\/\/murtolahti.fi\/wp-content\/uploads\/2026\/03\/Latu26-768x432.jpg 768w, https:\/\/murtolahti.fi\/wp-content\/uploads\/2026\/03\/Latu26-1536x864.jpg 1536w, https:\/\/murtolahti.fi\/wp-content\/uploads\/2026\/03\/Latu26-500x281.jpg 500w, https:\/\/murtolahti.fi\/wp-content\/uploads\/2026\/03\/Latu26.jpg 2000w\" sizes=\"auto, (max-width: 1024px) 100vw, 1024px\" \/><\/figure>\n\n\n\n<details class=\"wp-block-details is-layout-flow wp-block-details-is-layout-flow\"><summary>Kyl\u00e4latu on kuitenkin saatu hiihto kuntoon t\u00e4n\u00e4kin talvena taiturimaisten ladun tekij\u00f6iden ansioista. My\u00f6t\u00e4p\u00e4iv\u00e4\u00e4n ei ole isoja m\u00e4ki\u00e4 laskettavaksi. Kuitenkin hiihto omalla vastuulla.<br>Lunta on senverran v\u00e4h\u00e4n, ett\u00e4 jossain saatta maa pilkahtaa.<\/summary>\n<p><\/p>\n\n\n\n<p><\/p>\n<\/details>\n\n\n\n<h2 class=\"wp-block-heading has-text-align-center\">15.02.2026<\/h2>\n\n\n\n<figure class=\"wp-block-image size-large is-style-rounded\"><img loading=\"lazy\" decoding=\"async\" width=\"576\" height=\"1024\" src=\"https:\/\/murtolahti.fi\/wp-content\/uploads\/2026\/02\/Osmankaami-576x1024.jpg\" alt=\"\" class=\"wp-image-1082\" srcset=\"https:\/\/murtolahti.fi\/wp-content\/uploads\/2026\/02\/Osmankaami-576x1024.jpg 576w, https:\/\/murtolahti.fi\/wp-content\/uploads\/2026\/02\/Osmankaami-169x300.jpg 169w, https:\/\/murtolahti.fi\/wp-content\/uploads\/2026\/02\/Osmankaami-768x1366.jpg 768w, https:\/\/murtolahti.fi\/wp-content\/uploads\/2026\/02\/Osmankaami-864x1536.jpg 864w, https:\/\/murtolahti.fi\/wp-content\/uploads\/2026\/02\/Osmankaami-1151x2048.jpg 1151w, https:\/\/murtolahti.fi\/wp-content\/uploads\/2026\/02\/Osmankaami-scaled.jpg 1439w\" sizes=\"auto, (max-width: 576px) 100vw, 576px\" \/><\/figure>\n\n\n\n<p class=\"has-text-align-center\">Koristellut Osmank\u00e4\u00e4mit-<\/p>\n\n\n\n<h2 class=\"wp-block-heading has-text-align-center\">20.01.2026<\/h2>\n\n\n\n<figure data-wp-context=\"{&quot;imageId&quot;:&quot;69d42f53c488d&quot;}\" data-wp-interactive=\"core\/image\" data-wp-key=\"69d42f53c488d\" class=\"wp-block-image size-large is-style-default wp-lightbox-container\"><img loading=\"lazy\" decoding=\"async\" width=\"683\" height=\"1024\" data-wp-class--hide=\"state.isContentHidden\" data-wp-class--show=\"state.isContentVisible\" data-wp-init=\"callbacks.setButtonStyles\" data-wp-on--click=\"actions.showLightbox\" data-wp-on--load=\"callbacks.setButtonStyles\" data-wp-on-window--resize=\"callbacks.setButtonStyles\" src=\"https:\/\/murtolahti.fi\/wp-content\/uploads\/2026\/01\/pyorista-hieman-kuva-683x1024.png\" alt=\"Revontulia Murtolahden Rouhialan taivaalla koristamassa y\u00f6taivasta. Kuva: Niina\" class=\"wp-image-1066\" srcset=\"https:\/\/murtolahti.fi\/wp-content\/uploads\/2026\/01\/pyorista-hieman-kuva-683x1024.png 683w, https:\/\/murtolahti.fi\/wp-content\/uploads\/2026\/01\/pyorista-hieman-kuva-200x300.png 200w, https:\/\/murtolahti.fi\/wp-content\/uploads\/2026\/01\/pyorista-hieman-kuva-768x1152.png 768w, https:\/\/murtolahti.fi\/wp-content\/uploads\/2026\/01\/pyorista-hieman-kuva.png 1024w\" sizes=\"auto, (max-width: 683px) 100vw, 683px\" \/><button\n\t\t\tclass=\"lightbox-trigger\"\n\t\t\ttype=\"button\"\n\t\t\taria-haspopup=\"dialog\"\n\t\t\taria-label=\"Suurenna\"\n\t\t\tdata-wp-init=\"callbacks.initTriggerButton\"\n\t\t\tdata-wp-on--click=\"actions.showLightbox\"\n\t\t\tdata-wp-style--right=\"state.imageButtonRight\"\n\t\t\tdata-wp-style--top=\"state.imageButtonTop\"\n\t\t>\n\t\t\t<svg xmlns=\"http:\/\/www.w3.org\/2000\/svg\" width=\"12\" height=\"12\" fill=\"none\" viewBox=\"0 0 12 12\">\n\t\t\t\t<path fill=\"#fff\" d=\"M2 0a2 2 0 0 0-2 2v2h1.5V2a.5.5 0 0 1 .5-.5h2V0H2Zm2 10.5H2a.5.5 0 0 1-.5-.5V8H0v2a2 2 0 0 0 2 2h2v-1.5ZM8 12v-1.5h2a.5.5 0 0 0 .5-.5V8H12v2a2 2 0 0 1-2 2H8Zm2-12a2 2 0 0 1 2 2v2h-1.5V2a.5.5 0 0 0-.5-.5H8V0h2Z\" \/>\n\t\t\t<\/svg>\n\t\t<\/button><\/figure>\n\n\n\n<p class=\"has-text-align-center\">Revontulia Murtolahden Rouhialan taivaalla koristamassa y\u00f6taivasta. Kuva: Niina<\/p>\n\n\n\n<h2 class=\"wp-block-heading has-text-align-center\">23.12.2025<\/h2>\n\n\n\n<figure class=\"wp-block-image size-large is-style-rounded\"><img loading=\"lazy\" decoding=\"async\" width=\"1024\" height=\"452\" src=\"https:\/\/murtolahti.fi\/wp-content\/uploads\/2025\/12\/23.12.2025-1024x452.jpg\" alt=\"Jouuaatto Murtolahdessa 2025. Ei juuri lunta pariastetta pakkasta.\" class=\"wp-image-1009\" title=\"Kuva: LP\" srcset=\"https:\/\/murtolahti.fi\/wp-content\/uploads\/2025\/12\/23.12.2025-1024x452.jpg 1024w, https:\/\/murtolahti.fi\/wp-content\/uploads\/2025\/12\/23.12.2025-300x132.jpg 300w, https:\/\/murtolahti.fi\/wp-content\/uploads\/2025\/12\/23.12.2025-768x339.jpg 768w, https:\/\/murtolahti.fi\/wp-content\/uploads\/2025\/12\/23.12.2025-1536x677.jpg 1536w, https:\/\/murtolahti.fi\/wp-content\/uploads\/2025\/12\/23.12.2025-2048x903.jpg 2048w, https:\/\/murtolahti.fi\/wp-content\/uploads\/2025\/12\/23.12.2025-500x220.jpg 500w\" sizes=\"auto, (max-width: 1024px) 100vw, 1024px\" \/><\/figure>\n\n\n\n<h2 class=\"wp-block-heading has-text-align-center\">Pikkujoulu Hiekkaniemen laavulla 7.12.2025.<\/h2>\n\n\n\n<figure class=\"wp-block-image size-large is-style-rounded\"><img loading=\"lazy\" decoding=\"async\" width=\"1024\" height=\"768\" src=\"https:\/\/murtolahti.fi\/wp-content\/uploads\/2025\/12\/Pikkujoulu7.12.2025-1024x768.jpg\" alt=\"\" class=\"wp-image-996\" srcset=\"https:\/\/murtolahti.fi\/wp-content\/uploads\/2025\/12\/Pikkujoulu7.12.2025-1024x768.jpg 1024w, https:\/\/murtolahti.fi\/wp-content\/uploads\/2025\/12\/Pikkujoulu7.12.2025-300x225.jpg 300w, https:\/\/murtolahti.fi\/wp-content\/uploads\/2025\/12\/Pikkujoulu7.12.2025-768x576.jpg 768w, https:\/\/murtolahti.fi\/wp-content\/uploads\/2025\/12\/Pikkujoulu7.12.2025-1536x1152.jpg 1536w, https:\/\/murtolahti.fi\/wp-content\/uploads\/2025\/12\/Pikkujoulu7.12.2025-2048x1536.jpg 2048w, https:\/\/murtolahti.fi\/wp-content\/uploads\/2025\/12\/Pikkujoulu7.12.2025-400x300.jpg 400w\" sizes=\"auto, (max-width: 1024px) 100vw, 1024px\" \/><\/figure>\n\n\n\n<p class=\"has-text-align-center\"><\/p>\n\n\n\n<div class=\"wp-block-buttons has-white-background-color has-background is-content-justification-center is-layout-flex wp-container-core-buttons-is-layout-16018d1d wp-block-buttons-is-layout-flex\">\n<div class=\"wp-block-button is-style-outline is-style-outline--1\"><a class=\"wp-block-button__link has-blue-color has-light-gray-background-color has-text-color has-background has-link-color has-text-align-right wp-element-button\" href=\"https:\/\/www.facebook.com\/groups\/884810912857643\" style=\"border-top-left-radius:73px;border-top-right-radius:73px;border-bottom-left-radius:73px;border-bottom-right-radius:73px\">Facebook: murtolahden kyl\u00e4kanava<\/a><\/div>\n<\/div>\n","protected":false},"excerpt":{"rendered":"<p>3.04.2026 Hyv\u00e4\u00e4 P\u00e4\u00e4si\u00e4ist\u00e4! 2.03.2026 15.02.2026 Koristellut Osmank\u00e4\u00e4mit- 20.01.2026 Revontulia Murtolahden Rouhialan taivaalla koristamassa y\u00f6taivasta. Kuva: Niina 23.12.2025 Pikkujoulu Hiekkaniemen laavulla 7.12.2025.<\/p>\n","protected":false},"author":1,"featured_media":0,"parent":0,"menu_order":0,"comment_status":"closed","ping_status":"closed","template":"","meta":{"footnotes":""},"class_list":["post-940","page","type-page","status-publish","hentry"],"_links":{"self":[{"href":"https:\/\/murtolahti.fi\/index.php?rest_route=\/wp\/v2\/pages\/940","targetHints":{"allow":["GET"]}}],"collection":[{"href":"https:\/\/murtolahti.fi\/index.php?rest_route=\/wp\/v2\/pages"}],"about":[{"href":"https:\/\/murtolahti.fi\/index.php?rest_route=\/wp\/v2\/types\/page"}],"author":[{"embeddable":true,"href":"https:\/\/murtolahti.fi\/index.php?rest_route=\/wp\/v2\/users\/1"}],"replies":[{"embeddable":true,"href":"https:\/\/murtolahti.fi\/index.php?rest_route=%2Fwp%2Fv2%2Fcomments&post=940"}],"version-history":[{"count":22,"href":"https:\/\/murtolahti.fi\/index.php?rest_route=\/wp\/v2\/pages\/940\/revisions"}],"predecessor-version":[{"id":1115,"href":"https:\/\/murtolahti.fi\/index.php?rest_route=\/wp\/v2\/pages\/940\/revisions\/1115"}],"wp:attachment":[{"href":"https:\/\/murtolahti.fi\/index.php?rest_route=%2Fwp%2Fv2%2Fmedia&parent=940"}],"curies":[{"name":"wp","href":"https:\/\/api.w.org\/{rel}","templated":true}]}}